- 14 - 15. Calculate o(12).
56
Let o(j) = j**2 + 5*j + 17. Let w(q) = q**2 + 6*q + 19. Let g(a) = -4*o(a) + 3*w(a). Calculate g(6).
-59
Let h(o) = -2*o + 8. Suppose 5*l - 192 = 163. Let a = l + -63. Give h(a).
-8
Let p be 3 - (15 - 12/4). Let n = p + 11. Let l(z) = 1 + 1 - z + n*z + 1. Determine l(-3).
0
Suppose 2*q - 16 = -5*j, 2 = -2*q + q. Let t(g) = -g + 3. Let b be t(j). Let y(s) = -3 - 13*s + 5*s + 1 + 1. Give y(b).
7
Let k(p) = -p + 14. Let l be ((-13)/(-2) + -6)/((-3)/(-78)). Determine k(l).
1
Let y(c) = -c**3 - 10*c**2 - 38*c - 130. Let j be y(-7). Let p(t) = 4*t + 3. Give p(j).
-41
Let u(b) = -b**2 + b + 3. Let k(g) = g**2 - 19*g + 32. Let o be k(17). Let i be (13 - 13)/(2/o). Determine u(i).
3
Let l(m) be the first derivative of -m**4/4 - 4*m**3/3 - m**2 + 2*m + 1. Let k(q) = -q**2 - 17*q - 54. Let u = -58 + 45. Let c be k(u). Give l(c).
-2
Let d be (-80)/((2/1)/(-4 - -2)). Let w = 90 - d. Let f(m) = m**3 - 11*m**2 + 12*m - 14. Calculate f(w).
6
Let b(k) be the third derivative of k**5/60 - k**4/4 + 5*k**3/3 - 205*k**2. Calculate b(10).
50
Let s(p) = -3*p**2 - 17*p + 7. Let v(c) = 5*c**2 + 26*c - 10. Let b(x) = -8*s(x) - 5*v(x). Let g be (-4)/(-1 - 1) + 4. What is b(g)?
-6
Suppose v = 6 + 9. Suppose 9 = 3*f - 3*u, -f - 3 = -4*u - v. Suppose 3*a - 15 = -f*a. Let t(l) = -l**3 + 6*l**2 - 5*l - 7. Calculate t(a).
-7
Let p = -311 - -309. Let t(x) = x**3 + 2*x**2 - x - 3. Determine t(p).
-1
Let k(l) = l - 6*l**2 - l + 2. Suppose 6*x - 55 + 67 = 0. Give k(x).
-22
Let b(w) = -w**2 - 3*w - 3. Let q(t) = -2 - 3*t**2 + 6*t**2 - 3*t - 3 - 2*t**2. Let a be q(-2). Suppose 3*d - 3*u = -3 - 6, a*d + 15 = -3*u. Calculate b(d).
-3
Let r(t) = -2*t + 2. Let c be r(1). Suppose -a + 6*a - 15 = c. Let f(h) = -h + 6. Calculate f(a).
3
Let p(j) = -3*j - 32. Let n be p(-13). Let r(g) = -4*g + 17. Determine r(n).
-11
Let z(w) = w**3 + 11*w**2 + 9*w - 8. Let g be z(-10). Let h(i) be the second derivative of i**4/4 - i**3/6 - i**2/2 + 4*i. What is h(g)?
9
Let a(g) = -g. Let p be ((-22)/(-33))/((-4)/(-18)). Suppose -2 = -p*z + 4. What is a(z)?
-2
Let h(i) = -i**2 + 3*i. Let d(u) = -u**2 + 6*u - 3. Let s = -7 + 11. Let g be d(s). What is h(g)?
-10
Let h(v) be the second derivative of -v**3/6 - 3*v**2 - 8*v. Let t be (2/4)/((-3)/36). What is h(t)?
0
Suppose m + 13 = 4*j, 4*j - 6 - 8 = 2*m. Let h(q) = 8*q**2 + 6*q + 16*q**2 - 18*q**2 + q**j. Determine h(-5).
-5
Let i(y) = y - 11. Let m be i(11). Suppose 7*r - 33 - 16 = m. Let b(d) = d**3 - 8*d**2 + 9*d - 4. Give b(r).
10
Let p = -3 - 0. Let s(z) be the third derivative of -z**6/120 - z**5/20 - z**4/24 + z**3/6 + z**2 - 732. Give s(p).
4
Let d(a) = 11*a**2 + 22*a - 39. Let o(m) = 4*m**2 + 7*m - 14. Let s(j) = -3*d(j) + 8*o(j). What is s(-10)?
5
Let n(k) = -2*k**3 + 4*k**2 - 2*k. Suppose -18 + 290 = 4*y + s, 3*y - 203 = -s. Suppose 4*o - y + 61 = 0. Give n(o).
-4
Let f(b) = -b**3 + 7*b**2 + b - 8. Let n be f(7). Let x = 38 + -36. Let i(l) = -l + 2*l + l**x - 20 + 21. Determine i(n).
1
Let c(b) = -2*b**3 - b**2 - 4*b - 5. Let d(w) = 2*w**3 + w**2 + 2*w + 4. Let r(m) = 2*c(m) + 3*d(m). Suppose 11 = 3*s - 5*s + 3*p, p = -5*s + 15. What is r(s)?
18
Suppose 2*o = 3*o - 3. Let r be o*1 - (0 + -7). Let h = r + -16. Let k(d) = -d**2 - 4*d + 8. Determine k(h).
-4
Let n = 4 + 0. Suppose -6*v - 30 = 2*t - 2*v, n*t - 4*v = -12. Let b(m) be the second derivative of -m**3/6 - m**2/2 + 18*m. Calculate b(t).
6
Let m(o) = -2*o**3 + 0 + 1 + 130*o**2 + 2*o - 129*o**2. Let a(x) = x**2 + 7*x + 4. Let s be a(-6). Give m(s).
17
Let s(y) = -y + 6. Let d be (4 - 1)/((-189)/(-56) + -3). Give s(d).
-2
Let d(k) = -k**2 - 3*k - 7. Let m = -1308 - -1303. What is d(m)?
-17
Let w(s) be the first derivative of -s**2 + 3*s + 2. Let m(r) = r. Suppose -10*f + 4 = 34. Let y be m(f). Determine w(y).
9
Let s be 1 - (0 - (-2 - -11)). Let j(o) = o**3 - 9*o**2 - 11*o + 25. Give j(s).
15
Let c(a) = -a**2 - 3*a + 3. Let x(b) = b**2 + 4*b - 3. Let n(k) = 2*c(k) + 3*x(k). Suppose 2*l - 4 = v, -2*l + 3*v + 0 + 12 = 0. Let t = -6 + l. Give n(t).
-3
Let r(x) be the second derivative of x**5/20 - 7*x**4/12 + x**3 + x**2/2 - 34*x. Calculate r(6).
1
Let f(z) = -z**2 + 2. Suppose y + 16 = 3*r + r, 4*r = 5*y. Suppose -8 = -g + 4*x + 9, -r*g - 4*x = 35. Determine f(g).
-7
Suppose 0 = 4*a + 5*k - 20, -2*a = 3*a + k - 4. Let f(x) = 3*x**2 + 3*x**2 - x + x**3 + a*x + 8*x. What is f(-5)?
-10
Let l(p) be the second derivative of p**4/12 - p**3/6 - p**2 - 2*p + 163. Suppose -6 - 4 = 5*n. What is l(n)?
4
Let x be (5 + -1)*(-4)/8. Let b(s) be the second derivative of -s**5/20 + s**3/3 - 6*s**2 - 11*s. Let q(r) be the first derivative of b(r). Determine q(x).
-10
Let m = 1 - -1. Let j(b) = -b**3 + b - 3 - b**m - 3*b - b. Let i(t) = 5*t**2 + 14*t + 6. Let p be i(-2). Calculate j(p).
7
Let i(u) be the first derivative of 1/2*u**2 + u - 1/3*u**3 + 6. Calculate i(-3).
-11
Let t(v) = 10*v - 18. Let l be t(4). Let p be 101/11 - 4/l. Let n(d) = d**3 - 9*d**2 - d + 13. Determine n(p).
4
Let n(u) = -1. Let b(q) = -5 + 9*q**2 + 0*q - 10*q**2 + 4*q. Let z(s) = -b(s) - 3*n(s). Calculate z(6).
20
Let q be (1*-5)/((-125)/50). Let s(r) = r**3 - 4*r**2 + 3*r. Let n be s(q). Let o(f) = f**3 + f**2 - 2*f + 1. Give o(n).
1
Let l(d) be the first derivative of 2*d**2 - d - 143. Let t = 16 + -11. Give l(t).
19
Let u(w) = w**3 - 2*w**2 - w - 2. Let z(c) = c**3 + c**2 - c. Let d(s) = u(s) + 2*z(s). Give d(-2).
-20
Let l(v) = 7 - v**2 - v**2 - 3 + 5*v + v**2. Suppose -3*w + 0*y - y + 29 = 0, 0 = 3*w - y - 31. Suppose 0 = -4*a + 2*a + w. Calculate l(a).
4
Let f be ((-128)/24 - -5)/((-2)/66). Let k(v) = -v**2 + 13*v - 23. Calculate k(f).
-1
Suppose -3*l = -2*x - 63, 0 = -l + 4*x - x + 28. Let j = -19 + l. Let m(c) = -c**3 + c + 9. Give m(j).
9
Let m(l) be the first derivative of 1/3*l**3 + 3*l + 5 + 3*l**2. Let t(s) = -2*s**2 - 3*s + 3. Let z be t(-3). Calculate m(z).
3
Let q(m) = -2*m - 12. Let n = 47 - 56. Let r = 1 + n. Calculate q(r).
4
Let y(o) = o**3 - 13*o**2 + 13*o - 18. Let z(k) be the second derivative of -2*k**3/3 - 22*k**2 + 27*k. Let u be z(-14). What is y(u)?
-6
Let h(x) = -x**3 - 18*x**2 - 7*x - 115. Let y be h(-18). Let w(r) = -2*r + 19. Give w(y).
-3
Let m(x) = x**2 + 10*x + 15. Let z be m(-7). Let a(r) = -6*r + 4 + 4*r**3 + r**2 - 3*r**3 + 4*r**2 + 2. Calculate a(z).
6
Let j(s) = 3*s**2 - 24*s + 21. Let c be j(7). Let p(n) be the second derivative of -1/6*n**3 + 0 + 5*n - 2*n**2 + 1/12*n**4. Give p(c).
-4
Let j(g) = 12 + 54*g**3 - 51*g**3 - 6*g - 6 - 4*g**2. Let k(u) = -13*u**3 + 16*u**2 + 25*u - 26. Let y(w) = 9*j(w) + 2*k(w). What is y(3)?
-19
Let o(t) = 13*t - 3 + 3*t - 7*t - 8*t. Let g(y) = 8*y**2 - 2*y - 1. Let n be g(-1). Give o(n).
6
Let t(q) = -q**2 + 22*q - 18. Let x be t(21). Let y(w) = 3*w + 4. Let p(g) = 4*g + 4. Let u(f) = x*y(f) - 2*p(f). Give u(7).
11
Let p(v) = -3*v**3 + 7*v**2 - 2*v - 3. Let c(r) = 8*r**3 - 14*r**2 + 5*r + 6. Let h(b) = -2*c(b) - 5*p(b). Give h(-7).
3
Let l(k) = 4*k - 12. Let j be l(8). Suppose -2*v - j = 2*v. Let m(a) = 2080 + 2*a**2 - 7*a - 2083 + 0*a - 8*a**2 - a**3. Determine m(v).
7
Let u(p) = -p**2 - 4*p + 2. Let o(b) = -b**3 + 5*b**2 - 4*b + 5. Let g be o(4). Let l be 1*-4 + 0/g. Calculate u(l).
2
Let x(w) = -2*w - 2*w**2 + 0*w**2 - 2*w - 3. Suppose 0 = 4*n - 52. Let y be (-6)/15 + n/(-5). Determine x(y).
-9
Let q(d) be the second derivative of -1/10*d**5 + 0*d**2 + 4*d + 0 + 0*d**4 + 1/6*d**3. Calculate q(-1).
1
Suppose 3*j = -14 + 50. Let z(o) = 9 + j*o + 13*o - 24*o. Give z(-4).
5
Let y be (1 + 2)*(-20)/(-12). Suppose y = 5*g + 5*x - 0, -3*x = -5*g + 13. Suppose -5 = -g*d + p + 7, -36 = -5*d + 4*p. Let q(z) = z**2 - z - 2. Give q(d).
10
Let u = -7633 - -7634. Let o(c) = -1 - 2 + 2 + 2*c - c**2. What is o(u)?
0
Suppose n + 3*w + 1 = 0, 0 = -5*n + w + 4 - 41. Let y be (2/(-4))/(n/98). Let t(v) = -v**3 + 7*v**2 - 7. Give t(y).
-7
Let l(g) = -1. Let z(o) = -o - 12. Let d(n) = 5*l(n) - z(n). Suppose 14 = 4*w + 10. Let k = -5 - w. Calculate d(k).
1
Let m(n) = n**3 + 8*n**2 + 3*n - 1. Let f(q) = -q**3 - 9*q**2 - 2*q + 2. Let r(b) = -2*f(b) - 3*m(b). Suppose -410*a - 95 = -391*a. What is r(a)?
-1
Suppose 0 = -57*u + 40*u - 68. Let l(c) = -4*c + 2. What is l(u)?
18
Suppose -x = -1, 3*o = -0*o - 3*x + 9. Suppose s + 0*s - o*f + 10 = 0, -4*f + 14 = s.